What are the prime factors of 6959480?
2, 5, 11, 15817
List the prime factors of 3388498.
2, 19, 23, 3877
List the prime factors of 13552424.
2, 127, 13339
List the prime factors of 2363220.
2, 3, 5, 19, 691
What are the prime factors of 48512?
2, 379
What are the prime factors of 12343?
12343
List the prime factors of 1753884.
2, 3, 11, 43, 103
What are the prime factors of 1292662?
2, 7, 92333
List the prime factors of 8858060.
2, 5, 442903
List the prime factors of 124710.
2, 3, 5, 4157
What are the prime factors of 8194338?
2, 3, 43, 3529
List the prime factors of 118014.
2, 3, 13, 17, 89
What are the prime factors of 35866?
2, 79, 227
List the prime factors of 594626.
2, 17, 17489
What are the prime factors of 249775?
5, 97, 103
List the prime factors of 1934950.
2, 5, 38699
What are the prime factors of 624874?
2, 97, 3221
What are the prime factors of 15698607?
3, 5232869
List the prime factors of 553516.
2, 71, 1949
What are the prime factors of 7609102?
2, 3804551
List the prime factors of 9587719.
29, 330611
What are the prime factors of 789619?
41, 19259
What are the prime factors of 273276?
2, 3, 7591
List the prime factors of 9612700.
2, 5, 97, 991
List the prime factors of 92448.
2, 3, 107
List the prime factors of 219195.
3, 5, 4871
What are the prime factors of 1604114?
2, 67, 11971
What are the prime factors of 1583584?
2, 17, 41, 71
List the prime factors of 157862.
2, 17, 4643
List the prime factors of 21122901.
3, 23, 102043
List the prime factors of 1676302.
2, 17, 47, 1049
What are the prime factors of 839649?
3, 279883
List the prime factors of 157761.
3, 5843
List the prime factors of 252392.
2, 7, 4507
What are the prime factors of 202000?
2, 5, 101
List the prime factors of 264045.
3, 5, 29, 607
List the prime factors of 454739.
31, 14669
What are the prime factors of 1701622?
2, 13, 65447
List the prime factors of 6333541.
271, 23371
List the prime factors of 103303.
19, 5437
What are the prime factors of 796395?
3, 5, 53093
What are the prime factors of 25470803?
269, 94687
What are the prime factors of 12464215?
5, 2492843
What are the prime factors of 7677908?
2, 7, 43, 911
List the prime factors of 2881283.
643, 4481
List the prime factors of 3221342.
2, 107, 15053
List the prime factors of 1497515.
5, 53, 5651
List the prime factors of 303403.
127, 2389
List the prime factors of 9237248.
2, 36083
What are the prime factors of 8767798?
2, 13, 337223
What are the prime factors of 936203?
936203
What are the prime factors of 3621484?
2, 67, 13513
What are the prime factors of 37271?
13, 47, 61
List the prime factors of 2287483.
11, 207953
What are the prime factors of 75640?
2, 5, 31, 61
What are the prime factors of 327747?
3, 7, 15607
What are the prime factors of 1593550?
2, 5, 7, 29, 157
What are the prime factors of 1485084?
2, 3, 123757
List the prime factors of 385342.
2, 23, 8377
What are the prime factors of 46175?
5, 1847
What are the prime factors of 787172?
2, 83, 2371
What are the prime factors of 2332684?
2, 583171
What are the prime factors of 169574?
2, 84787
What are the prime factors of 13981?
11, 31, 41
What are the prime factors of 5581248?
2, 3, 41, 709
List the prime factors of 4888382.
2, 2444191
What are the prime factors of 6380854?
2, 31, 97, 1061
What are the prime factors of 152414?
2, 76207
What are the prime factors of 15938195?
5, 7, 13, 23, 1523
List the prime factors of 1475285.
5, 7, 61, 691
List the prime factors of 3727660.
2, 5, 29, 6427
What are the prime factors of 15331282?
2, 7665641
What are the prime factors of 1956808?
2, 7, 83, 421
What are the prime factors of 6507236?
2, 61, 26669
List the prime factors of 11786387.
37, 461, 691
What are the prime factors of 1615605?
3, 5, 37, 41, 71
List the prime factors of 250321.
193, 1297
List the prime factors of 239711.
239711
What are the prime factors of 3780005?
5, 29, 131, 199
What are the prime factors of 2982172?
2, 745543
List the prime factors of 313820.
2, 5, 13, 17, 71
What are the prime factors of 1350856?
2, 13, 31, 419
List the prime factors of 1690331.
829, 2039
List the prime factors of 9951059.
9951059
List the prime factors of 14124187.
7, 11, 59, 3109
What are the prime factors of 990452?
2, 247613
List the prime factors of 551622.
2, 3, 89, 1033
What are the prime factors of 90296?
2, 11287
List the prime factors of 326927.
17, 19231
List the prime factors of 509765.
5, 43, 2371
What are the prime factors of 15765541?
11, 149, 9619
List the prime factors of 3524922.
2, 3, 113, 1733
List the prime factors of 22823680.
2, 5, 11, 1621
What are the prime factors of 150688?
2, 17, 277
What are the prime factors of 295801?
11, 26891
What are the prime factors of 220216?
2, 27527
List the prime factors of 8493549.
3, 29, 233, 419
List the prime factors of 160956.
2, 3, 17, 263
List the prime factors of 215391.
3, 11, 61, 107
List the prime factors of 210189.
3, 7, 10009
What are the prime factors of 9061207?
31, 239, 1223
What are the prime factors of 2025445?
5, 405089
What are the prime factors of 419293?
7, 43, 199
What are the prime factors of 294221?
31, 9491
List the prime factors of 414143.
19, 71, 307
List the prime factors of 14884836.
2, 3, 31, 40013
List the prime factors of 23883509.
13, 239, 7687
What are the prime factors of 159231?
3, 53077
List the prime factors of 2173466.
2, 239, 4547
What are the prime factors of 16171545?
3, 5, 13, 127, 653
List the prime factors of 3423824.
2, 213989
List the prime factors of 39896.
2, 4987
What are the prime factors of 201461?
13, 15497
What are the prime factors of 760977?
3, 7, 47, 257
List the prime factors of 4999663.
41, 197, 619
What are the prime factors of 2614976?
2, 7, 13, 449
List the prime factors of 187408.
2, 13, 17, 53
What are the prime factors of 552846?
2, 3, 7, 13163
List the prime factors of 20416299.
3, 6805433
What are the prime factors of 5950690?
2, 5, 595069
What are the prime factors of 5296980?
2, 3, 5, 13, 6791
List the prime factors of 2712416.
2, 7, 12109
What are the prime factors of 187002?
2, 3, 3463
List the prime factors of 9157930.
2, 5, 61, 15013
What are the prime factors of 3087787?
43, 71809
List the prime factors of 8851524.
2, 3, 11, 67057
What are the prime factors of 24388439?
37, 43, 15329
List the prime factors of 346068.
2, 3, 9613
What are the prime factors of 6743629?
6743629
List the prime factors of 11120833.
19, 29, 20183
What are the prime factors of 4116465?
3, 5, 17, 5381
What are the prime factors of 3234904?
2, 23, 17581
What are the prime factors of 21159652?
2, 5289913
What are the prime factors of 542986?
2, 83, 3271
List the prime factors of 11295301.
881, 12821
List the prime factors of 1323855.
3, 5, 13, 31, 73
What are the prime factors of 18482031?
3, 593, 3463
What are the prime factors of 260146?
2, 130073
List the prime factors of 51685.
5, 10337
List the prime factors of 28926488.
2, 3615811
List the prime factors of 8307457.
2503, 3319
What are the prime factors of 117231?
3, 23, 1699
List the prime factors of 1679825.
5, 7, 29, 331
What are the prime factors of 13853365?
5, 2770673
List the prime factors of 3328.
2, 13
What are the prime factors of 10247750?
2, 5, 179, 229
List the prime factors of 211337.
7, 19, 227
What are the prime factors of 1900327?
11, 13, 97, 137
List the prime factors of 1401220.
2, 5, 70061
List the prime factors of 3123580.
2, 5, 17, 9187
What are the prime factors of 76853?
7, 10979
What are the prime factors of 4297621?
4297621
What are the prime factors of 5530601?
59, 93739
What are the prime factors of 831658?
2, 631, 659
List the prime factors of 1363817.
7, 13, 2141
List the prime factors of 20019.
3, 6673
What are the prime factors of 3037922?
2, 37, 61, 673
List the prime factors of 5484298.
2, 163, 16823
List the prime factors of 615578.
2, 347, 887
List the prime factors of 14839886.
2, 31, 37, 6469
List the prime factors of 505586.
2, 23, 29, 379
What are the prime factors of 1128527?
1128527
List the prime factors of 63257.
17, 61
List the prime factors of 18332555.
5, 71, 113, 457
What are the prime factors of 8423336?
2, 23, 45779
List the prime factors of 1344969.
3, 149441
What are the prime factors of 9550680?
2, 3, 5, 79589
What are the prim